{"id":2070,"date":"2021-07-16T08:01:28","date_gmt":"2021-07-16T08:01:28","guid":{"rendered":"https:\/\/eugov.uab.cat\/?page_id=2070"},"modified":"2025-05-28T07:48:32","modified_gmt":"2025-05-28T07:48:32","slug":"datasets","status":"publish","type":"page","link":"https:\/\/eugov.uab.cat\/index.php\/datasets\/","title":{"rendered":"Datasets"},"content":{"rendered":"\n<div class=\"wp-block-cover alignfull has-background-dim-40 has-background-dim\" style=\"background-color:#181f2a;min-height:470px;aspect-ratio:unset;\"><img loading=\"lazy\" decoding=\"async\" width=\"1920\" height=\"800\" class=\"wp-block-cover__image-background wp-image-2130\" alt=\"\" src=\"https:\/\/eugov.uab.cat\/wp-content\/uploads\/2021\/09\/8.jpg\" data-object-fit=\"cover\" srcset=\"https:\/\/eugov.uab.cat\/wp-content\/uploads\/2021\/09\/8.jpg 1920w, https:\/\/eugov.uab.cat\/wp-content\/uploads\/2021\/09\/8-300x125.jpg 300w, https:\/\/eugov.uab.cat\/wp-content\/uploads\/2021\/09\/8-1024x427.jpg 1024w, https:\/\/eugov.uab.cat\/wp-content\/uploads\/2021\/09\/8-768x320.jpg 768w, https:\/\/eugov.uab.cat\/wp-content\/uploads\/2021\/09\/8-1536x640.jpg 1536w\" sizes=\"auto, (max-width: 1920px) 100vw, 1920px\" \/><div class=\"wp-block-cover__inner-container is-layout-flow wp-block-cover-is-layout-flow\">\n<h1 class=\"wp-block-heading\">Datasets<\/h1>\n<\/div><\/div>\n\n\n\n<div style=\"height:44px\" aria-hidden=\"true\" class=\"wp-block-spacer\"><\/div>\n\n\n\n<h3 class=\"wp-block-heading\"><a href=\"https:\/\/ddd.uab.cat\/search?f=title&amp;p=Comitology%20Votes%20Database%202008-2013&amp;sc=1&amp;ln=en\">Comitology Votes Database 2008-2013<\/a><\/h3>\n\n\n\n<p><a href=\"https:\/\/ddd.uab.cat\/search?f=author&amp;p=Fern%C3%A1ndez%20Pasar%C3%ADn%2C%20Ana%20Mar&amp;sc=1&amp;ln=en\">Fern\u00e1ndez Pasar\u00edn, Ana Mar<\/a> &nbsp;(Universitat Aut\u00f2noma de Barcelona)<\/p>\n\n\n\n<figure class=\"wp-block-table is-style-regular\"><table><tbody><tr><td>Imprint:<\/td><td>Universitat Aut\u00f2noma de Barcelona 2019<\/td><\/tr><tr><td>Abstract:<\/td><td>The EUCOM dataset contains information regarding six years of comitology committee voting procedures (2008-2013). All voting sheets available in the new Comitology Register of the European Commission for the years 2008-2013 were coded to identify the structure of votes and, in particular, the patterns of support and opposition to the Commission&#8217;s draft implementing proposals over the period under scrutiny (N=7. 337). In order to assess the scope of contestation for any instance of voting, the number of votes &#8216;for&#8217;, votes &#8216;against&#8217;, and &#8216;abstentions&#8217;, as well as the number of votes &#8216;not represented&#8217;, were counted. This information was classified in terms of committees (222), procedures (advisory, management, regulatory, regulatory with scrutiny, or safeguard procedure, before the entry into force of the 2011 comitology reform; then advisory, examination, or regulatory with scrutiny procedures after the reform) and policy domains according to the Comitology Register&#8217;s classifications. Additionally, in order to investigate the relationship between member states&#8217; national representatives&#8217; voting behaviour and the frequency of meetings, these data have been complemented with attendance lists, which are also available in the Comitology Register.<\/td><\/tr><tr><td>Abstract:<\/td><td>Database attributes: 1. Year of the vote. 2. Voting sheet code. 3. Comitology committee code. 4. Committee name. 5. Dossier code. 6. Dossier title. 7. Dossier date of start. 8. Dossier date of end. 9. Draft implementing measure code. 10. Directorate General code. 11. Comitology procedure. 12. Procedure number. 13. Pre\/Post-2011 comitology reform. 14. Structure of votes (votes &#8216;for&#8217;\/votes &#8216;against&#8217;\/&#8217;abstentions&#8217;). 15. Number of states not represented. 16. Final opinion delivered by the committee (favourable\/not favourable\/no opinion). 17. Committee&#8217;s number of meetings.<\/td><\/tr><tr><td>Grants:<\/td><td>MINECO\/CSO2017-87683-P<\/td><\/tr><tr><td>Rights:<\/td><td>Aquest document est\u00e0 subjecte a una llic\u00e8ncia d&#8217;\u00fas Creative Commons en que s&#8217;entrega l&#8217;obra al domini p\u00fablic. Podeu copiar, modificar, distribuir l&#8217;obra i fer-ne comunicaci\u00f3 p\u00fablica, fins i tot amb finalitat comercial, sense demanar cap mena de perm\u00eds.&nbsp;<a href=\"https:\/\/creativecommons.org\/publicdomain\/zero\/1.0\/deed.en\"><\/a><\/td><\/tr><tr><td>Language:<\/td><td>Angl\u00e8s<\/td><\/tr><tr><td>Document:<\/td><td>dataset ; Dataset<\/td><\/tr><tr><td>Related&nbsp;work:<\/td><td>Fern\u00e1ndez Pasarin, Ana-Mar; Dehousse, Renaud; Plaza, Joan Pere. \u00abComitology: the strength of dissent\u00bb in Journal of European Integration, Vol. 43, Issue 3 (2021) p. 311-330&nbsp;<a href=\"https:\/\/doi.org\/10.1080\/07036337.2020.1740697\">https:\/\/doi.org\/10.1080\/07036337.2020.1740697<\/a><\/td><\/tr><\/tbody><\/table><\/figure>\n\n\n\n<p><strong>DOI:<\/strong><a href=\"https:\/\/doi.org\/10.5565\/ddd.uab.cat\/215332\">10.5565\/ddd.uab.cat\/215332<\/a><\/p>\n\n\n\n<div class=\"wp-block-buttons is-layout-flex wp-block-buttons-is-layout-flex\"><\/div>\n\n\n\n<figure class=\"wp-block-image size-large\"><a href=\"https:\/\/ddd.uab.cat\/pub\/dadrec\/2021\/215332\/Comitology_Votes_Database_20082013Final_a2019.xlsx\"><img loading=\"lazy\" decoding=\"async\" width=\"85\" height=\"85\" src=\"https:\/\/eugov.uab.cat\/wp-content\/uploads\/2021\/08\/xlsx.ico\" alt=\"\" class=\"wp-image-2088\"\/><\/a><\/figure>\n\n\n\n<div style=\"height:100px\" aria-hidden=\"true\" class=\"wp-block-spacer\"><\/div>\n\n\n\n<div class=\"wp-block-cover alignfull has-background-dim has-parallax\" style=\"background-image:url(https:\/\/eugov.uab.cat\/wp-content\/uploads\/2020\/08\/CTA-bg-1.jpg);background-color:#181f2a;min-height:335px;aspect-ratio:unset;\"><div class=\"wp-block-cover__inner-container is-layout-flow wp-block-cover-is-layout-flow\">\n<h2 class=\"has-text-align-center wp-block-heading\">Contact us<\/h2>\n\n\n\n<p class=\"has-text-align-center\">Feel free to contact us<\/p>\n\n\n\n<div class=\"wp-block-buttons is-content-justification-center is-layout-flex wp-block-buttons-is-layout-flex\">\n<div class=\"wp-block-button\"><a class=\"wp-block-button__link\" href=\"mailto:eugov@uab.cat\">eugov@uab.cat<\/a><\/div>\n<\/div>\n<\/div><\/div>\n","protected":false},"excerpt":{"rendered":"<p>Comitology Votes Database 2008-2013 Fern\u00e1ndez Pasar\u00edn, Ana Mar &nbsp;(Universitat Aut\u00f2noma de Barcelona) Imprint: Universitat Aut\u00f2noma de Barcelona 2019 Abstract: The EUCOM dataset contains information regarding six years of comitology committee voting procedures (2008-2013). All voting sheets available in the new Comitology Register of the European Commission for the years 2008-2013 were coded to identify the [&hellip;]<\/p>\n","protected":false},"author":5,"featured_media":0,"parent":0,"menu_order":0,"comment_status":"closed","ping_status":"closed","template":"","meta":{"site-sidebar-layout":"no-sidebar","site-content-layout":"plain-container","ast-site-content-layout":"","site-content-style":"default","site-sidebar-style":"default","ast-global-header-display":"","ast-banner-title-visibility":"","ast-main-header-display":"","ast-hfb-above-header-display":"","ast-hfb-below-header-display":"","ast-hfb-mobile-header-display":"","site-post-title":"disabled","ast-breadcrumbs-content":"","ast-featured-img":"disabled","footer-sml-layout":"","theme-transparent-header-meta":"enabled","adv-header-id-meta":"","stick-header-meta":"","header-above-stick-meta":"","header-main-stick-meta":"","header-below-stick-meta":"","astra-migrate-meta-layouts":"default","ast-page-background-enabled":"default","ast-page-background-meta":{"desktop":{"background-color":"","background-image":"","background-repeat":"repeat","background-position":"center center","background-size":"auto","background-attachment":"scroll","background-type":"","background-media":"","overlay-type":"","overlay-color":"","overlay-opacity":"","overlay-gradient":""},"tablet":{"background-color":"","background-image":"","background-repeat":"repeat","background-position":"center center","background-size":"auto","background-attachment":"scroll","background-type":"","background-media":"","overlay-type":"","overlay-color":"","overlay-opacity":"","overlay-gradient":""},"mobile":{"background-color":"","background-image":"","background-repeat":"repeat","background-position":"center center","background-size":"auto","background-attachment":"scroll","background-type":"","background-media":"","overlay-type":"","overlay-color":"","overlay-opacity":"","overlay-gradient":""}},"ast-content-background-meta":{"desktop":{"background-color":"var(--ast-global-color-5)","background-image":"","background-repeat":"repeat","background-position":"center center","background-size":"auto","background-attachment":"scroll","background-type":"","background-media":"","overlay-type":"","overlay-color":"","overlay-opacity":"","overlay-gradient":""},"tablet":{"background-color":"var(--ast-global-color-5)","background-image":"","background-repeat":"repeat","background-position":"center center","background-size":"auto","background-attachment":"scroll","background-type":"","background-media":"","overlay-type":"","overlay-color":"","overlay-opacity":"","overlay-gradient":""},"mobile":{"background-color":"var(--ast-global-color-5)","background-image":"","background-repeat":"repeat","background-position":"center center","background-size":"auto","background-attachment":"scroll","background-type":"","background-media":"","overlay-type":"","overlay-color":"","overlay-opacity":"","overlay-gradient":""}},"footnotes":""},"class_list":["post-2070","page","type-page","status-publish","hentry"],"_links":{"self":[{"href":"https:\/\/eugov.uab.cat\/index.php\/wp-json\/wp\/v2\/pages\/2070","targetHints":{"allow":["GET"]}}],"collection":[{"href":"https:\/\/eugov.uab.cat\/index.php\/wp-json\/wp\/v2\/pages"}],"about":[{"href":"https:\/\/eugov.uab.cat\/index.php\/wp-json\/wp\/v2\/types\/page"}],"author":[{"embeddable":true,"href":"https:\/\/eugov.uab.cat\/index.php\/wp-json\/wp\/v2\/users\/5"}],"replies":[{"embeddable":true,"href":"https:\/\/eugov.uab.cat\/index.php\/wp-json\/wp\/v2\/comments?post=2070"}],"version-history":[{"count":20,"href":"https:\/\/eugov.uab.cat\/index.php\/wp-json\/wp\/v2\/pages\/2070\/revisions"}],"predecessor-version":[{"id":2260,"href":"https:\/\/eugov.uab.cat\/index.php\/wp-json\/wp\/v2\/pages\/2070\/revisions\/2260"}],"wp:attachment":[{"href":"https:\/\/eugov.uab.cat\/index.php\/wp-json\/wp\/v2\/media?parent=2070"}],"curies":[{"name":"wp","href":"https:\/\/api.w.org\/{rel}","templated":true}]}}